n(w) = 35*w + 2 - a*w + 33*w + w**2. Let m = -14 - -20. What is n(m)?
-4
Let b(t) be the second derivative of 0 - 2*t + 3*t**2 - 1/12*t**4 - 1/2*t**3. Let f = -96 - -91. What is b(f)?
-4
Let f = 172 - 177. Let q(t) = -2*t**2 - 8*t + 8. Calculate q(f).
-2
Let q(s) = 4*s**2 - 4*s + 1. Suppose t = -3*n + 9 + 1, -5*t - 3*n = -14. Let d be q(t). Let m(j) = -7*j**3 + j**2 - j. Give m(d).
-7
Let g(q) = q**2 - 5*q - 2. Let z be g(5). Let v(m) = -427 + 841 + m**3 - 413. Determine v(z).
-7
Let w be 3 + 107 - 6/6. Suppose 0 = -r - 116 + w. Let q(v) = v**2 + 10*v - 1. Give q(r).
-22
Let k = 187 - 183. Let z be (3/1)/((-3)/(-2)). Let p(y) = 5 - 2 - y - z. Calculate p(k).
-3
Let b(p) be the first derivative of 1/4*p**4 + 2/3*p**3 - 3/2*p**2 - 12 - p. Suppose 5*f + 22 = 7. Calculate b(f).
-1
Let p(a) = -2*a**3 - 3*a**2 + 3*a + 3. Let n(y) = -y**3 - 6*y**2 + 6*y - 9. Let r be n(-7). Determine p(r).
1
Let f(d) be the third derivative of -d**2 + 0*d - 1/6*d**4 + 0 - 11/6*d**3. Let k(w) = 3*w + 7. Let o(n) = -5*f(n) - 8*k(n). Calculate o(1).
-5
Let d(z) be the second derivative of z**3/6 - 9*z**2/2 + 396*z. Calculate d(3).
-6
Let i(m) = -m**2 - 6*m + 10. Let a be i(-7). Let t(r) = 3*r - r**3 - 3 + 3*r**2 - a*r + 0*r**3. Let z = -8 - -11. Give t(z).
-3
Let q(z) = z**3 + z**2 - z. Let w(n) = -n**3 - 3*n**2 + 3*n + 2. Let i(g) = -2*q(g) - w(g). Suppose 0*c = c. What is i(c)?
-2
Let f(m) = 3*m + 1. Suppose 56 = -5*l + l. Let a = l - -7. Let r be (2/5)/(a/35). Calculate f(r).
-5
Let a(h) = h**2 - 8*h - 18. Let g be a(9). Let t(c) be the first derivative of c**3/3 + 5*c**2 + 12*c + 16. Calculate t(g).
3
Let p(o) be the third derivative of -1/3*o**3 - 1/4*o**4 + 0*o - 4*o**2 - 1/60*o**5 + 0. Suppose -m - 3*m = -q - 11, q + m + 1 = 0. Give p(q).
7
Let l be 0 - (-3 + 12/6). Suppose -6 = -3*c, 2*a + 0*c + c = 6. Let s(v) = -2*v**2 + 5*v**2 + v**2 - 2*v**a. Determine s(l).
2
Let x(w) = -2 - 6*w + 0*w + 0*w + 3*w + 0*w. Give x(-3).
7
Let u = 3 + -5. Let h(b) be the second derivative of -b**5/20 - b**4/4 + b**2/2 + 3*b - 10. Calculate h(u).
-3
Let r(i) = 2*i - 4. Let s be (-10)/(2*(-2 + 1)). Suppose -4*p + 25 - s = 0. Give r(p).
6
Suppose 4*k - 8 = 8. Let c(p) = -4*p + k - p + 4*p + 0*p. Let n(h) = -h - 1. Let u(j) = -c(j) + 2*n(j). What is u(-6)?
0
Let u = 25 + -22. Let y(b) = -14*b + 1 + 5*b + 5*b + u*b. Calculate y(7).
-6
Let s(q) = -2*q**2 + q + 2. Let k be (-11)/(-5) + -2 - 117/(-65). Give s(k).
-4
Suppose -16 = 7*l + 82. Let q(b) = -b**3 - 16*b**2 - 29*b - 12. What is q(l)?
2
Let f(p) be the second derivative of 0 + 2*p - 1/6*p**3 - 5/12*p**4 + 3/2*p**2 - 1/20*p**5. Suppose 5*t + 20 = -0*t. Give f(t).
-9
Let n(i) = 16*i - 4. Let z(x) = 3*x - 1. Let h(d) = 2*n(d) - 11*z(d). Let y(f) = f**2 + 24*f + 23. Let l be y(-23). Give h(l).
3
Let h(q) = 6 - 4 - 1 - q. Suppose 4*a = 5*p - 19, 4*p + 55*a - 16 = 58*a. Give h(p).
-6
Let j(n) be the second derivative of n**4/12 - n**3 - 6*n**2 - 5*n. Give j(-2).
4
Let f(x) = 2*x**2 + 3 - x**3 - 16*x + 7*x + 8*x**2. Calculate f(9).
3
Let x be 15/(-10) + (-1)/2 - -19. Let b(i) = 2*i**2 - 35*i + 21. Give b(x).
4
Let c(k) be the second derivative of k**4/6 + 7*k**3/3 - 7*k**2 - 248*k. Determine c(-8).
2
Let a(y) = -3*y**2 - 2*y**2 - 6 - y**3 + 0*y**2 - y. Suppose 7*j - 5*j + 10 = 0. Determine a(j).
-1
Let d(l) = 7*l**2 - 198*l - 6*l**2 - 2 + 201*l. Determine d(-4).
2
Let r(h) = h**2 - h + 3. Let x(p) be the first derivative of p**2 - 16*p + 2. Let a be x(8). Calculate r(a).
3
Let r(d) = -d**3 - 7*d**2 - 6*d + 9. Let k(o) = -1. Let s(v) = 5*k(v) + r(v). Let c = 54 + -60. What is s(c)?
4
Let g be (8 - 10)*(2 + 5/(-2)). Let k(w) = 12*w**2 - w - 1. What is k(g)?
10
Let s(u) = -2*u + 11. Let o(v) = -v + 5. Let k(z) = -13*o(z) + 6*s(z). Let y be (-7)/(-3)*(7 + 11). Suppose 3*p - 9*p + y = 0. Give k(p).
8
Let d(q) be the second derivative of -q**5/120 + q**4/24 + 17*q**3/2 - 14*q. Let l(a) be the second derivative of d(a). What is l(9)?
-8
Let d(v) = 6*v**3 - 7*v**2 + v + 5. Let z(u) = -6 + u - 4*u - 121*u**2 + 2*u + 129*u**2 - 7*u**3. Let q(s) = 5*d(s) + 4*z(s). Give q(2).
7
Let b = -716 + 711. Let n(o) = -o**3 - 4*o**2 + 3*o + 4. What is n(b)?
14
Let v(i) = -9*i - 4*i**2 + 6*i**2 + 0*i - i**2 + 9. Let p be v(9). Suppose -2*r = -k - 9 - 4, 4*r + p = -5*k. Let n(m) = -3*m + 6. What is n(r)?
-6
Let t(z) = 16*z**3 - 2*z**2 - z. Suppose -7*j + 78 = 6*j. Suppose 4*y - 21 = -c + j*c, 3*y - 8 = -4*c. What is t(c)?
-17
Let p = -96 + 101. Suppose -p*q + 2*q = 0. Let y(l) = l**3 + l + 3. Give y(q).
3
Suppose 0*n = -n + 40. Suppose m - n = 6*m. Let w(h) = -8*h**2 + 14*h - 5. Let k(x) = -13*x**2 + 21*x - 8. Let f(v) = 5*k(v) - 8*w(v). What is f(m)?
-8
Let b(c) = -3*c - 12*c - 17 - 5*c + 25*c + 0*c. Calculate b(-12).
-77
Let n be (-1)/(-4) + (-110)/(-40). Let o(k) = -1 + 6*k - 4*k + 0 - 1. What is o(n)?
4
Let m(i) = -18*i**2 - 2*i - 2. Let o(z) = 9*z**2 + z + 1. Let j(c) = -3*m(c) - 5*o(c). Suppose 5 = -9*r + 14*r. Suppose l + r = -0. Calculate j(l).
9
Let u(m) = -m**3 + m + 1. Let y = -12 - -15. Suppose -10 = 2*g - 4*p, 2*p + y*p = 4*g + 14. Calculate u(g).
1
Let n(r) = r**3 + 5*r**2 - 8*r + 41. Let s be n(-7). Let w(o) = 1 - 2*o**3 + 0 + o**3. Calculate w(s).
2
Let g(w) be the first derivative of w**3/3 + 3*w**2 - 35*w + 298. What is g(-9)?
-8
Let p(q) = 4*q**3 - q**2 - 7*q - 4. Let r = 29 - 25. Let o(t) = 0 - t**2 - r - 2 + 1 - 8*t + 5*t**3. Let m(w) = -3*o(w) + 4*p(w). Calculate m(3).
5
Let h(f) be the third derivative of f**5/60 - f**4/12 - 2*f**3/3 + 100*f**2. Determine h(4).
4
Let w(t) be the third derivative of t**6/120 - 7*t**5/60 + 3*t**4/8 + 29*t**2. Give w(6).
18
Let v(l) = -182*l - 86. Let i be v(-8). Let d(c) = c**3 + 1365*c + 7*c**2 - c**2 - i*c + 5. What is d(-7)?
-9
Let z(s) = 523*s + 4 + 525*s + 1 - 1045*s. What is z(-2)?
-1
Let g(h) = 4*h - 14. Let c be 150/39 - -2 - (-22)/143. Calculate g(c).
10
Suppose d = -40 - 31. Let z = -46 - d. Let k(l) = l + l - 24 + z + 2*l**3. Calculate k(-1).
-3
Let q(n) = 6*n + 5. Let d be (-6)/22 - (-2808)/858. Give q(d).
23
Let k = -1138 + 1131. Let y(n) = 0 - 4 + 0 + n**2 + 7*n. Calculate y(k).
-4
Let v(f) = -f + 2. Let s be 3/(12/(-20)*-1). Suppose 0 = u, -s*a + 640 = -a + u. Let n be a/(-24) - 1/3. Calculate v(n).
9
Let g(n) = n**3 + 3*n**2 - 6*n + 2. Let z be g(-5). Let w be (12/9)/(4/z). Let o(y) = -4*y + 0*y**2 - 3 - y**2 - 2*y - 2. Calculate o(w).
-5
Let p = -1 + -4. Let j(d) be the second derivative of -7/2*d**2 - 6*d - d**3 + 0 - 1/12*d**4. What is j(p)?
-2
Suppose 0 = 8*h + 45 + 75. Let i be 3 - 10/h*3. Let g(w) = w**3 - 6*w**2 + 4*w. Calculate g(i).
-5
Let l(z) = -z**2 + 11*z + 1. Let t = -65 - -76. Give l(t).
1
Let d(l) = l**2 + l - 1. Let u(k) = -6*k**2 - 7*k + 10. Let z(i) = 4*d(i) + u(i). Determine z(-6).
-48
Let v(m) = 2*m - 65. Let t be v(29). Let q(y) be the second derivative of y**4/12 + y**3 - y**2 + 10*y. Calculate q(t).
5
Let p(y) = 15*y**2 + y. Suppose 0 = -5*g + 62 + 93. Let n = g + -32. Calculate p(n).
14
Let o(v) = 3 + 1 + 2 - 4 + 3*v. Let u be o(-3). Let p be 3 - (2 + u + 2). Let g(l) = l**2 - 5*l + 1. Calculate g(p).
7
Suppose 5*f = -4 - 6. Let z(b) be the first derivative of -4*b**3/3 - b**2/2 - 2*b + 203. Calculate z(f).
-16
Let k be 10 - ((-7)/(28/(-16)) + 1). Let j(s) = s**2 - 9*s + 1. Calculate j(k).
-19
Let a(v) be the first derivative of 1/6*v**4 + 9 + 3*v - 1/3*v**3 - 1/2*v**2 + 1/20*v**5. Let b(s) be the first derivative of a(s). Calculate b(-2).
3
Let y(q) be the third derivative of q**7/2520 + q**6/80 - q**5/120 + 5*q**4/8 - 11*q**2. Let i(x) be the second derivative of y(x). Calculate i(-9).
-1
Let m(f) = f + 6. Let d = -45 - -50. Suppose 0*l + l = -d. Calculate m(l).
1
Let i(p) be the third derivative of -p**4/8 - 17*p**3/6 - 350*p**2. Give i(-7).
4
Let m be (-1)/(-4) + (-3)/(-4). Let i(n) be the first derivative of -2*n**3/3 - n**2 + n - 1296. Give i(m).
-3
Suppose -23*l + 61*l = 0. Let r(t) be the second derivative of l + 1/10*t**5 + 0*t**3 + 1/6*t**4 - 2*t - 1/2*t**2. What is r(1)?
3
Let d(i) be the first derivative of i**4/4 - 2*i**3 + 5*i**2/2 + 3*i + 774. Suppose -a - 1 = m, 4*a + 20 = -2*m + 8. What is d(m)?
-9
Let l(k) = k + 18. Let v be l(-12). Let o(y) = y - 1. Let j(s) = 5*s - 3. Let f(t) = v*o(t) - j(t). Calculate f(5).
2
Let o(z) be the second derivat